{"id":65,"date":"2019-01-05T17:50:35","date_gmt":"2019-01-05T16:50:35","guid":{"rendered":"http:\/\/gustinducarme.be\/?page_id=65"},"modified":"2026-04-08T10:41:19","modified_gmt":"2026-04-08T08:41:19","slug":"laetitia-meylemans","status":"publish","type":"page","link":"https:\/\/osteo-gribaumont.be\/index.php\/laetitia-meylemans\/","title":{"rendered":"Laetitia Meylemans"},"content":{"rendered":"<p>[et_pb_section fb_built=&#8221;1&#8243; _builder_version=&#8221;3.19.3&#8243;][et_pb_row _builder_version=&#8221;3.19.3&#8243;][et_pb_column type=&#8221;1_2&#8243; _builder_version=&#8221;3.19.3&#8243; parallax=&#8221;off&#8221; parallax_method=&#8221;on&#8221;][et_pb_team_member name=&#8221;Laetitia Meylemans&#8221; image_url=&#8221;https:\/\/osteo-gribaumont.be\/wp-content\/uploads\/2026\/03\/photo-laetitia-1.png&#8221; _builder_version=&#8221;3.19.3&#8243; header_font=&#8221;Montserrat||||||||&#8221; header_text_color=&#8221;#55596d&#8221; header_font_size=&#8221;24px&#8221; header_line_height=&#8221;1.5em&#8221; body_font=&#8221;Montserrat||||||||&#8221; body_text_color=&#8221;#adcede&#8221; body_font_size=&#8221;17px&#8221; body_line_height=&#8221;1.4em&#8221; border_width_all_image=&#8221;17px&#8221; border_color_all_image=&#8221;#f1f5f7&#8243; text_orientation=&#8221;left&#8221; background_layout=&#8221;dark&#8221;]<strong>Massage<\/strong><br \/>\n<span style=\"font-size: small;\">\u00a0<\/span><\/p>\n<p><strong><em>Consultations :<\/em><\/strong><\/p>\n<ul>\n<li><i>Vendredi<\/i><\/li>\n<\/ul>\n<p>FR \/ EN[\/et_pb_team_member][\/et_pb_column][et_pb_column type=&#8221;1_2&#8243; _builder_version=&#8221;3.19.3&#8243; parallax=&#8221;off&#8221; parallax_method=&#8221;on&#8221;][et_pb_text _builder_version=&#8221;3.19.3&#8243; text_font=&#8221;Montserrat||||||||&#8221; text_text_color=&#8221;#adcede&#8221; text_font_size=&#8221;15px&#8221; header_font=&#8221;||||||||&#8221;]Petite je voulais \u00eatre kin\u00e9 et la vie en a fait autrement, je suis devenue architecte d\u2019int\u00e9rieur puis agent immobilier. Pourtant, prendre soin de l\u2019autre, ralentir, prendre le temps sont tous des actes que j\u2019ai toujours appr\u00e9ci\u00e9 et que j\u2019ai d\u00fb int\u00e9grer en 2025. J\u2019ai donc d\u00e9cid\u00e9 de revenir \u00e0 mes amours d\u2019enfance et me lancer dans cette douce voie qu\u2019est le massage.<\/p>\n<p>Je m\u2019adresse \u00e0 une client\u00e8le exclusivement f\u00e9minine et pratique le massage relaxant. Ce massage aux inspirations balinaises est une invitation \u00e0 la d\u00e9tente totale, con\u00e7u pour apaiser le corps et l\u2019esprit. Par ses mouvements doux et enveloppants, il lib\u00e8re les muscles de ses tensions et favorise une profonde sensation de bien-\u00eatre mental et physique. Un moment de calme et de s\u00e9r\u00e9nit\u00e9, le soin id\u00e9al pour se lib\u00e9rer du stress accumul\u00e9. D\u2019ici mi 2026, je pourrai vous procurer d\u2019autres soins (esth\u00e9tique &#8211; visage\/kobido \u2013 pr\u00e9natal) ![\/et_pb_text][et_pb_button button_url=&#8221;https:\/\/calendly.com\/paluche\/massagerelaxant?utm_source=ig&#038;utm_medium=social&#038;utm_content=link_in_bio&#038;fbclid=PAdGRleARCB5JleHRuA2FlbQIxMQBzcnRjBmFwcF9pZA8xMjQwMjQ1NzQyODc0MTQAAae25N_JhfsY3a5eAmuxV06Xi3pFAF7w366nDv6wTSDyPl_6JnkzwvDQC5F96g_aem_NNOFpwcI7BQaVe13e8Ndkw&#038;utm_id=97760_v0_s00_e0_tv3_a1denngur4ovlw_tp1&#038;back=1&#038;month=2026-04&#8243; button_text=&#8221;RDV en ligne &#8221; _builder_version=&#8221;3.19.3&#8243;][\/et_pb_button][\/et_pb_column][\/et_pb_row][\/et_pb_section]<\/p>\n","protected":false},"excerpt":{"rendered":"<p>[et_pb_section fb_built=&#8221;1&#8243; _builder_version=&#8221;3.19.3&#8243;][et_pb_row _builder_version=&#8221;3.19.3&#8243;][et_pb_column type=&#8221;1_2&#8243; _builder_version=&#8221;3.19.3&#8243; parallax=&#8221;off&#8221; parallax_method=&#8221;on&#8221;][et_pb_team_member name=&#8221;Laetitia Meylemans&#8221; image_url=&#8221;https:\/\/osteo-gribaumont.be\/wp-content\/uploads\/2026\/03\/photo-laetitia-1.png&#8221; _builder_version=&#8221;3.19.3&#8243; header_font=&#8221;Montserrat||||||||&#8221; header_text_color=&#8221;#55596d&#8221; header_font_size=&#8221;24px&#8221; header_line_height=&#8221;1.5em&#8221; body_font=&#8221;Montserrat||||||||&#8221; body_text_color=&#8221;#adcede&#8221; body_font_size=&#8221;17px&#8221; body_line_height=&#8221;1.4em&#8221; border_width_all_image=&#8221;17px&#8221; border_color_all_image=&#8221;#f1f5f7&#8243; text_orientation=&#8221;left&#8221; background_layout=&#8221;dark&#8221;]Massage \u00a0 Consultations : Vendredi FR \/ EN[\/et_pb_team_member][\/et_pb_column][et_pb_column type=&#8221;1_2&#8243; _builder_version=&#8221;3.19.3&#8243; parallax=&#8221;off&#8221; parallax_method=&#8221;on&#8221;][et_pb_text _builder_version=&#8221;3.19.3&#8243; text_font=&#8221;Montserrat||||||||&#8221; text_text_color=&#8221;#adcede&#8221; text_font_size=&#8221;15px&#8221; header_font=&#8221;||||||||&#8221;]Petite je voulais \u00eatre kin\u00e9 et la vie en a fait autrement, je suis devenue architecte [&hellip;]<\/p>\n","protected":false},"author":1,"featured_media":0,"parent":0,"menu_order":0,"comment_status":"closed","ping_status":"closed","template":"","meta":{"_et_pb_use_builder":"on","_et_pb_old_content":"","footnotes":""},"_links":{"self":[{"href":"https:\/\/osteo-gribaumont.be\/index.php\/wp-json\/wp\/v2\/pages\/65"}],"collection":[{"href":"https:\/\/osteo-gribaumont.be\/index.php\/wp-json\/wp\/v2\/pages"}],"about":[{"href":"https:\/\/osteo-gribaumont.be\/index.php\/wp-json\/wp\/v2\/types\/page"}],"author":[{"embeddable":true,"href":"https:\/\/osteo-gribaumont.be\/index.php\/wp-json\/wp\/v2\/users\/1"}],"replies":[{"embeddable":true,"href":"https:\/\/osteo-gribaumont.be\/index.php\/wp-json\/wp\/v2\/comments?post=65"}],"version-history":[{"count":67,"href":"https:\/\/osteo-gribaumont.be\/index.php\/wp-json\/wp\/v2\/pages\/65\/revisions"}],"predecessor-version":[{"id":24187,"href":"https:\/\/osteo-gribaumont.be\/index.php\/wp-json\/wp\/v2\/pages\/65\/revisions\/24187"}],"wp:attachment":[{"href":"https:\/\/osteo-gribaumont.be\/index.php\/wp-json\/wp\/v2\/media?parent=65"}],"curies":[{"name":"wp","href":"https:\/\/api.w.org\/{rel}","templated":true}]}}