{"id":71,"date":"2019-01-05T17:51:49","date_gmt":"2019-01-05T16:51:49","guid":{"rendered":"http:\/\/gustinducarme.be\/?page_id=71"},"modified":"2026-03-16T14:19:14","modified_gmt":"2026-03-16T13:19:14","slug":"raphael-dumortier","status":"publish","type":"page","link":"https:\/\/osteo-gribaumont.be\/index.php\/raphael-dumortier\/","title":{"rendered":"Rapha\u00ebl Dumortier"},"content":{"rendered":"<p>[et_pb_section fb_built=&#8221;1&#8243; _builder_version=&#8221;3.19.3&#8243;][et_pb_row _builder_version=&#8221;3.19.3&#8243;][et_pb_column type=&#8221;1_2&#8243; _builder_version=&#8221;3.19.3&#8243; parallax=&#8221;off&#8221; parallax_method=&#8221;on&#8221;][et_pb_team_member name=&#8221;Rapha\u00ebl Dumortier &#8211; Ost\u00e9opathe D.O. &#8221; image_url=&#8221;https:\/\/osteo-gribaumont.be\/wp-content\/uploads\/2026\/03\/raphael.png&#8221; _builder_version=&#8221;3.19.3&#8243; header_font=&#8221;Montserrat||||||||&#8221; header_text_color=&#8221;#55596d&#8221; header_font_size=&#8221;24px&#8221; header_line_height=&#8221;1.5em&#8221; body_font=&#8221;Montserrat||||||||&#8221; body_text_color=&#8221;#adcede&#8221; body_font_size=&#8221;20px&#8221; body_line_height=&#8221;1.4em&#8221; border_width_all_image=&#8221;17px&#8221; border_color_all_image=&#8221;#f1f5f7&#8243; text_orientation=&#8221;left&#8221; background_layout=&#8221;dark&#8221;]<\/p>\n<p>Consultations:<\/p>\n<p>Mercredi 9H &#8211; 18H<\/p>\n<p>Vendredi 9H &#8211; 18H<\/p>\n<p>FR &#8211; EN<\/p>\n<p>[\/et_pb_team_member][\/et_pb_column][et_pb_column type=&#8221;1_2&#8243; _builder_version=&#8221;3.19.3&#8243; parallax=&#8221;off&#8221; parallax_method=&#8221;on&#8221;][et_pb_text _builder_version=&#8221;3.19.3&#8243; text_font=&#8221;Montserrat||||||||&#8221; text_text_color=&#8221;#adcede&#8221; text_font_size=&#8221;15px&#8221;]<\/p>\n<div id=\":19m\" class=\"ii gt\">\n<div id=\":19l\" class=\"a3s aiL msg-1685513214967447335\">\n<div dir=\"ltr\">\n<div>\n<p>Dipl\u00f4m\u00e9 du Coll\u00e8ge Belge d&#8217;Ost\u00e9opathie, je vous accueille \u00e0 Woluwe-Saint-Lambert et \u00e0 Schaerbeek. En tant qu&#8217;ost\u00e9opathe, je m&#8217;attache \u00e0 associer mes patients \u00e0 leur traitement en partageant mes connaissances dans le domaine de la sant\u00e9, tant pour les situations aig\u00fces que chronique.<\/p>\n<div class=\"yj6qo\"><\/div>\n<div class=\"adL\"><\/div>\n<\/div>\n<\/div>\n<\/div>\n<\/div>\n<div id=\":1be\" class=\"hq gt a10\"><\/div>\n<p>[\/et_pb_text][et_pb_button button_url=&#8221;https:\/\/www.doctoranytime.be\/d\/osteopathe\/raphael-dumortier&#8221; button_text=&#8221;RDV en ligne &#8221; _builder_version=&#8221;3.19.3&#8243;][\/et_pb_button][\/et_pb_column][\/et_pb_row][\/et_pb_section]<\/p>\n","protected":false},"excerpt":{"rendered":"<p>[et_pb_section fb_built=&#8221;1&#8243; _builder_version=&#8221;3.19.3&#8243;][et_pb_row _builder_version=&#8221;3.19.3&#8243;][et_pb_column type=&#8221;1_2&#8243; _builder_version=&#8221;3.19.3&#8243; parallax=&#8221;off&#8221; parallax_method=&#8221;on&#8221;][et_pb_team_member name=&#8221;Rapha\u00ebl Dumortier &#8211; Ost\u00e9opathe D.O. &#8221; image_url=&#8221;https:\/\/osteo-gribaumont.be\/wp-content\/uploads\/2026\/03\/raphael.png&#8221; _builder_version=&#8221;3.19.3&#8243; header_font=&#8221;Montserrat||||||||&#8221; header_text_color=&#8221;#55596d&#8221; header_font_size=&#8221;24px&#8221; header_line_height=&#8221;1.5em&#8221; body_font=&#8221;Montserrat||||||||&#8221; body_text_color=&#8221;#adcede&#8221; body_font_size=&#8221;20px&#8221; body_line_height=&#8221;1.4em&#8221; border_width_all_image=&#8221;17px&#8221; border_color_all_image=&#8221;#f1f5f7&#8243; text_orientation=&#8221;left&#8221; background_layout=&#8221;dark&#8221;] Consultations: Mercredi 9H &#8211; 18H Vendredi 9H &#8211; 18H FR &#8211; EN [\/et_pb_team_member][\/et_pb_column][et_pb_column type=&#8221;1_2&#8243; _builder_version=&#8221;3.19.3&#8243; parallax=&#8221;off&#8221; parallax_method=&#8221;on&#8221;][et_pb_text _builder_version=&#8221;3.19.3&#8243; text_font=&#8221;Montserrat||||||||&#8221; text_text_color=&#8221;#adcede&#8221; text_font_size=&#8221;15px&#8221;] Dipl\u00f4m\u00e9 du Coll\u00e8ge Belge d&#8217;Ost\u00e9opathie, je [&hellip;]<\/p>\n","protected":false},"author":1,"featured_media":0,"parent":0,"menu_order":0,"comment_status":"closed","ping_status":"closed","template":"","meta":{"_et_pb_use_builder":"on","_et_pb_old_content":"","footnotes":""},"_links":{"self":[{"href":"https:\/\/osteo-gribaumont.be\/index.php\/wp-json\/wp\/v2\/pages\/71"}],"collection":[{"href":"https:\/\/osteo-gribaumont.be\/index.php\/wp-json\/wp\/v2\/pages"}],"about":[{"href":"https:\/\/osteo-gribaumont.be\/index.php\/wp-json\/wp\/v2\/types\/page"}],"author":[{"embeddable":true,"href":"https:\/\/osteo-gribaumont.be\/index.php\/wp-json\/wp\/v2\/users\/1"}],"replies":[{"embeddable":true,"href":"https:\/\/osteo-gribaumont.be\/index.php\/wp-json\/wp\/v2\/comments?post=71"}],"version-history":[{"count":23,"href":"https:\/\/osteo-gribaumont.be\/index.php\/wp-json\/wp\/v2\/pages\/71\/revisions"}],"predecessor-version":[{"id":24176,"href":"https:\/\/osteo-gribaumont.be\/index.php\/wp-json\/wp\/v2\/pages\/71\/revisions\/24176"}],"wp:attachment":[{"href":"https:\/\/osteo-gribaumont.be\/index.php\/wp-json\/wp\/v2\/media?parent=71"}],"curies":[{"name":"wp","href":"https:\/\/api.w.org\/{rel}","templated":true}]}}